number?
True
Is 21301723 prime?
True
Is 39364097 composite?
False
Is 256903697 composite?
False
Is 267627205 prime?
False
Is 5740841 prime?
False
Is 184272307 prime?
True
Is 70483151 a composite number?
False
Is 40784493 prime?
False
Is 5610005 composite?
True
Is 402023549 a composite number?
True
Is 3758467 composite?
False
Is 58703819 composite?
True
Is 3589031 composite?
False
Is 5814053 a prime number?
False
Is 2188909 prime?
True
Is 340861123 composite?
False
Is 33613693 composite?
True
Is 283510195 a prime number?
False
Is 99773197 a prime number?
False
Is 138574031 a prime number?
True
Is 14793331 prime?
False
Is 7343321 prime?
True
Is 46913557 a prime number?
False
Is 11659667 a composite number?
False
Is 3988003 a prime number?
True
Is 36743299 prime?
True
Is 154600399 a composite number?
False
Is 4861217 composite?
False
Is 5990081 prime?
True
Is 56724511 a composite number?
False
Is 3239459 composite?
False
Is 19004513 composite?
True
Is 3963911 prime?
False
Is 306293 composite?
True
Is 73706335 a composite number?
True
Is 264042353 a composite number?
False
Is 279857191 a composite number?
True
Is 7537643 composite?
True
Is 472897423 prime?
True
Is 296864423 composite?
True
Is 240900353 a composite number?
True
Is 16759937 a composite number?
False
Is 28611266 a prime number?
False
Is 3218357 composite?
False
Is 1622503 composite?
True
Is 477671 a prime number?
True
Is 286199 prime?
True
Is 62196679 a prime number?
False
Is 787513 prime?
True
Is 1045951739 a composite number?
True
Is 20540433 a composite number?
True
Is 869401 a composite number?
True
Is 189072647 a prime number?
False
Is 6043511 composite?
True
Is 3261191 composite?
False
Is 1198849 a prime number?
True
Is 274005839 prime?
False
Is 783940886 composite?
True
Is 1757083 a composite number?
False
Is 8021539 a prime number?
True
Is 23805437 prime?
False
Is 8520613 composite?
False
Is 2712543 prime?
False
Is 20126389 prime?
True
Is 1220234677 prime?
False
Is 1882051417 prime?
True
Is 492281 a composite number?
False
Is 105636709 a composite number?
False
Is 5497097 prime?
False
Is 3990827 a composite number?
False
Is 64709 a composite number?
False
Is 240676483 prime?
True
Is 6596605 a prime number?
False
Is 297317 composite?
False
Is 3213877 a prime number?
True
Is 8961695 prime?
False
Is 377084891 a prime number?
True
Is 243291 a prime number?
False
Is 698592605 composite?
True
Is 30691253 a composite number?
False
Is 105016749 a prime number?
False
Is 41302717 a composite number?
False
Is 20056247 a composite number?
False
Is 181848049 a composite number?
True
Is 25311745 composite?
True
Is 2865241 a composite number?
False
Is 32586941 a composite number?
True
Is 2595551 prime?
False
Is 61439691 prime?
False
Is 2081006 a prime number?
False
Is 969083 a prime number?
True
Is 12443521 prime?
True
Is 7465901 composite?
True
Is 123117667 prime?
True
Is 980459 a prime number?
True
Is 29557837 composite?
False
Is 8460553 composite?
True
Is 214316591 a composite number?
True
Is 448969 prime?
True
Is 153744931 prime?
False
Is 2836683103 prime?
True
Is 1184243 a prime number?
True
Is 6013567 a composite number?
True
Is 1089383 prime?
True
Is 2708291 prime?
True
Is 54886297 a prime number?
True
Is 74700787 prime?
False
Is 5567327 composite?
False
Is 108726923 a prime number?
True
Is 3983269 prime?
False
Is 29009 a prime number?
True
Is 228245503 prime?
False
Is 171312305 prime?
False
Is 46890719 a composite number?
True
Is 1114327 a prime number?
False
Is 1563511 composite?
False
Is 5316001 a composite number?
False
Is 34081273 a prime number?
True
Is 93303467 a composite number?
False
Is 143107 prime?
True
Is 71755891 prime?
True
Is 9740989 a composite number?
False
Is 44809 a prime number?
True
Is 4538641 a prime number?
True
Is 2173877 prime?
True
Is 128204453 prime?
False
Is 36397367 a composite number?
False
Is 119384549 a prime number?
True
Is 7321033 a prime number?
False
Is 174905342 a composite number?
True
Is 7550677 composite?
False
Is 6808287 a prime number?
False
Is 25692819 a prime number?
False
Is 22260943 a prime number?
True
Is 19222251 composite?
True
Is 52907 prime?
False
Is 6803645 prime?
False
Is 75825049 prime?
False
Is 98802553 prime?
True
Is 16037107 a prime number?
False
Is 156007 a composite number?
False
Is 1351853 a prime number?
True
Is 890707 composite?
False
Is 12742727 a composite number?
False
Is 99409637 a composite number?
False
Is 4684699 a composite number?
False
Is 15224883 composite?
True
Is 2054495 prime?
False
Is 3531139 composite?
False
Is 387371 composite?
False
Is 44342959 prime?
True
Is 4227499 prime?
False
Is 50493899 prime?
False
Is 1156979 a composite number?
True
Is 2008177 composite?
True
Is 7676263 composite?
True
Is 1743851 prime?
True
Is 15582563 a composite number?
False
Is 380509 a prime number?
False
Is 1712119 composite?
True
Is 338613263 composite?
False
Is 1776389 a composite number?
False
Is 754753 prime?
False
Is 64030669 prime?
False
Is 904840367 composite?
False
Is 1855127 prime?
False
Is 451365689 a prime number?
True
Is 3005279 composite?
False
Is 897629 prime?
True
Is 58333277 prime?
True
Is 6210467 a prime number?
True
Is 13692641 composite?
False
Is 4338069 a prime number?
False
Is 105411409 prime?
False
Is 25949999 prime?
False
Is 403416877 composite?
False
Is 198072377 a prime number?
True
Is 8817163 a composite number?
False
Is 7774019 a composite number?
True
Is 762779 prime?
True
Is 6064817 a composite number?
True
Is 5285089 a prime number?
False
Is 6364199 a prime number?
True
Is 1572323 composite?
False
Is 65673221 a composite number?
True
Is 29082683 a composite number?
True
Is 56338963 a composite number?
True
Is 22811357 composite?
False
Is 6078517 a composite number?
True
Is 149411315 a prime number?
False
Is 2229803 a composite number?
True
Is 1173743 a composite number?
False
Is 6283318 prime?
False
Is 6314833 prime?
False
Is 8038847 prime?
False
Is 183430487 prime?
False
Is 81925523 composite?
True
Is 14155837 composite?
False
Is 28572211 prime?
False
Is 1952623 a prime number?
True
Is 1152438329 composite?
True
Is 4882271 composite?
False
Is 10172561 a composite number?
True
Is 4504537 a prime number?
True
Is 642953 prime?
True
Is 2990917 a prime number?
True
Is 2248627 a composite number?
True
Is 94760339 a prime number?
True
Is 9912169 composite?
False
Is 40326865 prime?
False
Is 140257333 a composite number?
True
Is 18023729 composite?
False
Is 126059663 a prime number?
True
Is 16508371 a composite number?
True
Is 2187491 a composite number?
False
Is 18737449 a composite number?
False
Is 3421193 a prime number?
True
Is 127306277 a prime number?
False
Is 61260961 prime?
False
Is 135667639 a prime number?
False
Is 893839 prime?
True
Is 86450443 composite?
False
Is 1838347 a composite number?
True
Is 2517769 prime?
False
Is 129821 a prime number?
False
Is 2860931 prime?
True
Is 2452393 a composite number?
False
Is 133857179 composite?
False
Is 1086847 a composite number?
True
Is 5187097 a prime number?
False
Is 6107203 a composite number?
True
Is 222368311 prime?
False
Is 1896703115 a composite number?
True
Is 21131917 a composite number?
True
Is 11937719 prime?
False
Is 8203213 prime?
True
Is 28655503 composite?
False
Is 1716343 a prime number?
True
Is 2293201 composite?
True
Is 38363903 composite?
False
Is 18321169 a composite number?
False
Is 234664967 a composite number?
True
Is 2094838 a prime number?
False
Is 617209 composite?
True
Is 983077 prime?
False
Is 16594117 composite?
False
Is 2610059 a composite number?
False
Is 11436361 a prime number?
True
Is 22196893 composite?
True
Is 3689923 a prime number?
False
Is 12846091 a prime number?
False
Is 2705441 composite?
False
Is 5788573 prime?
False
Is 473647 composite?
False
Is 14998493 a composite number?
False
Is 899192677 a prime number?
False
Is 5319371 a prime number?
False
Is 5400137 a prime number?
True
Is 184409 composite?
False
Is 229325813 composite?
False
Is 2458793 composite?
False
Is 2784653 a prime number?
True
Is 11593997 a prime number?
False
Is 11390729 composite?
True
Is 137740487 a composite number?
True
Is 11644897 a prime number?
False
Is 251813 a prime number?
False
Is 5032459 a prime number?
False
Is 5587039 a pr